t d be b(n). Calculate the greatest common factor of 24 and d.
24
Let o(w) be the third derivative of w**4/24 - 5*w**2. Let d be o(2). Suppose -d*m + 270 = m. Calculate the highest common divisor of m and 36.
18
Suppose 0 = 2*c + 5*j - 44, -4*j = -c - 0*c + 22. Let s = -3 - -18. Let v be 5/(s*1/6). Calculate the greatest common divisor of v and c.
2
Suppose -48*d + 16*d + 3584 = 0. Calculate the greatest common factor of 140 and d.
28
Let a be 20/(-5)*(-80)/(-120)*6/(-8). Let h be 6 + (0/(-2) - -2). Calculate the greatest common factor of h and a.
2
Suppose 0 - 4 = 4*b, -2209 = -4*x + 5*b. What is the highest common divisor of 38 and x?
19
Suppose -69*n = -64*n - 30. Suppose -5*u + 0*u = -p - 12, n = 2*p. What is the highest common factor of u and 9?
3
Let i be (71 - 25/5) + 12/2. What is the greatest common divisor of i and 144?
72
Let p be 152/(-36) - 4/(-18). Let o(u) = -u**2 - 7*u. Let k be o(p). What is the highest common divisor of k and 18?
6
Let o(v) = -v**3 + 9*v**2 - 8*v - 6. Let u be o(8). Let j be (-27)/18*8/u. Let p(a) = 10*a - 2. Let b be p(j). Calculate the highest common divisor of 90 and b.
18
Let l = -379 + 385. What is the greatest common factor of l and 19?
1
Let h(g) = -2*g - 10. Let c be h(15). Let d be (-3830)/c - (-6)/(-8). Calculate the greatest common factor of d and 19.
19
Let z(n) = n + 13. Let r be z(7). Let q = r + -15. Calculate the greatest common divisor of 15 and q.
5
Suppose 5*t + 5*h = 766 + 2999, -3*t + 2261 = 5*h. Calculate the greatest common factor of 94 and t.
94
Suppose -20*c = -28*c + 2040. What is the highest common divisor of c and 935?
85
Suppose 6*t = 7*t - 28. Let r be 4/t + 40/14. Suppose 2*i + r*i - 20 = 0. What is the highest common factor of 44 and i?
4
Let b(d) = -32*d + 16. Let z be b(0). What is the greatest common factor of 656 and z?
16
Let h = 1428 - 438. Calculate the greatest common factor of h and 18.
18
Suppose 19*d = 2173 + 1627. Suppose -41*h + 37*h = -d. Let n(z) = z**3 + 6*z**2 + 4*z + 4. Let j be n(-4). What is the highest common divisor of h and j?
10
Let x(r) = -r**3 + 12*r**2 + 6*r - 7. Let l be x(8). What is the greatest common factor of 66 and l?
33
Let c(t) = t**3 - 10*t**2 + 29*t - 4. Let w be c(7). Calculate the highest common factor of 8 and w.
4
Let j(a) = 3*a - 30. Let l be j(25). Suppose 0 = -4*m + l + 139. Calculate the highest common divisor of m and 115.
23
Let c be (69/92)/(2267/(-756) - -3). What is the greatest common factor of 63 and c?
63
Let u(y) = -91*y - 47. Let q be u(-3). What is the greatest common divisor of q and 1243?
113
Let v(l) = -20*l - 15. Suppose 3*t + 10 = -8. Let q be v(t). Let n be 0 + 16 + 2/(-2). What is the highest common factor of n and q?
15
Let i be 544/(-85) + 18 + (-2)/(-5). What is the highest common divisor of i and 4?
4
Suppose 0 = -4*u + 2*b + 646, 17*b = -2*u + 12*b + 353. What is the highest common factor of 4 and u?
4
Let v = -981 - -1188. What is the greatest common factor of v and 552?
69
Suppose k - g + 32 = -2*k, k - 3*g = -24. Let r(b) = b - 19. Let d be r(k). Let u = d - -32. Calculate the greatest common divisor of 2 and u.
2
Suppose -7*z + 727 = -323. Calculate the greatest common divisor of 5 and z.
5
Let f = 4 + 0. Suppose -1 - 7 = -f*n + 4*s, -2*s = -3*n + 8. Suppose -36 = -n*k + k. Calculate the highest common divisor of k and 24.
12
Suppose -2*o + 3*b = -134, -3*o + 201 = -0*b + b. Calculate the highest common factor of 1139 and o.
67
Let s(g) = -g**3 - 17*g**2 + 36*g + 42. Let p be s(-19). Suppose 10*n - 5 = 9*n. What is the greatest common divisor of n and p?
5
Suppose -1833 = -3*n + q + 2*q, 0 = 3*n + 2*q - 1818. What is the highest common divisor of 19 and n?
19
Suppose 3*g + 22 = -5*n + 248, 0 = -2*g - 4*n + 152. What is the highest common factor of g and 468?
36
Suppose 0 = 2*q + 309 - 2145. Calculate the greatest common factor of 34 and q.
34
Let z = -237 + 251. Let o be (56/(-6))/((-1)/3). Calculate the highest common divisor of o and z.
14
Let z be -2 + 3 - (0 - 11). Suppose 0 = -2*y - 2*y + z. Suppose 5*l - 46 = -2*q + 31, 5*q = l - 10. Calculate the greatest common factor of y and l.
3
Let p(d) = -d + 60. Let r be p(0). Let o = r - 55. What is the highest common divisor of o and 55?
5
Let b(y) = -124*y**3 + 2*y**2 - 18*y - 19. Let h be b(-1). Let w(n) = 6*n + 1. Let g be w(4). What is the highest common factor of h and g?
25
Let p be 37948*(-10)/(-110) - 6/(-33). What is the highest common factor of 23 and p?
23
Let x = 520 - 464. Let r be 7/(-21) - 43/(-3). Calculate the highest common divisor of r and x.
14
Suppose 5*x - a - 75 = 4*a, x + 5*a - 15 = 0. Suppose 3 = 6*t - x. Calculate the highest common divisor of t and 3.
3
Let a(m) = m**2 - 5*m + 229. Let j be a(0). Suppose j = 3*c - 200. Suppose -10 = -h + 3. Calculate the greatest common factor of c and h.
13
Suppose -12 = -3*i + 15. Let m be (-23)/((-138)/180)*12/10. Calculate the highest common divisor of i and m.
9
Let z = 22 + -29. Let y be (-4 + 2)*22*z/4. What is the greatest common divisor of y and 11?
11
Suppose 0 = 5*w - x - 871 + 195, 0 = 4*w + x - 539. What is the greatest common factor of 27 and w?
27
Let m(k) = -k. Let q be m(-4). Calculate the highest common divisor of 52 and q.
4
Suppose -4*r + 3*t + 645 = 251, -2*r - 4*t + 186 = 0. What is the greatest common divisor of 97 and r?
97
Let t(g) = g + 209. Let j be t(7). Calculate the highest common divisor of j and 81.
27
Let m(a) = a**3 - 2*a - 2. Let o be m(0). Let i(n) = n**2 + 5*n + 11. Let y be i(o). Let u = -5 + 10. What is the highest common factor of u and y?
5
Let j = -1 - 0. Let q = 5 + j. Let x be (-228)/38 + (1*18)/1. What is the highest common divisor of x and q?
4
Let a = -22 + 31. Let i be -5 + (2 + 0 - 0). Let x be (-14 - -12)/(1/i). What is the highest common divisor of x and a?
3
Suppose 48 + 7 = x. Let t = 30 - 25. What is the highest common divisor of t and x?
5
Suppose 5*b = -8 - 12, -2*b + 17 = 5*y. Let f(c) = 13 - c - 3 + 7*c - c**2 - 5. Let d be f(y). What is the greatest common divisor of d and 90?
10
Suppose 20 + 28 = 4*y. Suppose -29*c = -34*c - 4*z + 240, 0 = -2*c + 4*z + 96. Calculate the greatest common divisor of y and c.
12
Suppose 90*a + 1673 = 308*a - 943. Let c(r) = 3*r**3 - 5*r**2 - r. Let g be c(4). Calculate the highest common divisor of g and a.
12
Let i(p) = 2*p - 2. Let g be i(-2). Let y = g - -10. Suppose 403 = 3*u - v - 61, y*v + 8 = 0. What is the highest common divisor of 14 and u?
14
Let j(l) = 2*l + 30. Suppose -27*a + 72 = -24*a. Let g be j(a). Let x be (1 - 5)*(-11 + -2). Calculate the greatest common factor of g and x.
26
Suppose -4378 = -20*p + 13982. Calculate the greatest common divisor of p and 9.
9
Suppose 21 = -2*f + 73. Let q be 75 + -80 - -7*10. Calculate the greatest common divisor of f and q.
13
Let o = -184 - -210. What is the greatest common divisor of 91 and o?
13
Let p(i) = -26*i - 2. Let h be p(-1). Suppose -3*m + h - 6 = 0. What is the highest common divisor of 42 and m?
6
Suppose 3 = -v + 3*g, -2*v - 2 = 5*g - 7. Suppose v = -11*l + 172 + 521. What is the highest common divisor of 9 and l?
9
Suppose -3*u - 4*l + 3*l + 274 = 0, -5*l = 10. Calculate the greatest common divisor of 621 and u.
23
Let j(q) = -q**3 + 19*q**2 + 25*q + 14. Let s be j(20). Calculate the greatest common factor of 513 and s.
57
Suppose -4*g + 0*g - c = -398, 0 = g - 3*c - 93. What is the greatest common factor of 165 and g?
33
Suppose -5*f = -3*f - 14. Let s(y) = -y + 1. Let g be s(-5). Suppose 0 = -g*v + 4*v + 98. Calculate the greatest common factor of v and f.
7
Suppose -3*t + 2*r = -483, 2*r = 4*t + 6*r - 644. Calculate the greatest common factor of 69 and t.
23
Suppose -t + 20 = -10. Calculate the highest common factor of t and 42.
6
Let q be 96/(-128)*(-13 - -1). Calculate the greatest common divisor of q and 36.
9
Let v(z) = -12*z + 11. Suppose 3*p - 2 = 1. Let g(f) = -11*f**3 + f**2 - 1. Let i be g(p). Let q be v(i). What is the greatest common factor of q and 13?
13
Suppose 9*p - 24 = 13*p. Let d be 33 + p/(0 + -3). What is the highest common factor of 7 and d?
7
Suppose -7*j + 1802 = -242. Let g = -159 + j. Calculate the highest common factor of 19 and g.
19
Let n(u) = u**2 - 2*u + 18. Let a(w) = 3*w**2 - 3*w + 36. Let c(t) = 2*a(t) 